
2, 2153
List the prime factors of 539.
7, 11
What are the prime factors of 4897?
59, 83
What are the prime factors of 3252?
2, 3, 271
What are the prime factors of 3?
3
What are the prime factors of 281?
281
List the prime factors of 6424.
2, 11, 73
What are the prime factors of 17080?
2, 5, 7, 61
What are the prime factors of 129127?
129127
What are the prime factors of 2281?
2281
What are the prime factors of 2318?
2, 19, 61
What are the prime factors of 1321?
1321
What are the prime factors of 759?
3, 11, 23
What are the prime factors of 14648?
2, 1831
List the prime factors of 1383.
3, 461
What are the prime factors of 31006?
2, 37, 419
List the prime factors of 96886.
2, 193, 251
List the prime factors of 36712.
2, 13, 353
What are the prime factors of 90380?
2, 5, 4519
List the prime factors of 3239.
41, 79
What are the prime factors of 1551?
3, 11, 47
What are the prime factors of 43553?
97, 449
List the prime factors of 4128.
2, 3, 43
What are the prime factors of 215?
5, 43
List the prime factors of 102956.
2, 7, 3677
List the prime factors of 46881.
3, 5209
What are the prime factors of 185?
5, 37
List the prime factors of 603.
3, 67
List the prime factors of 5.
5
List the prime factors of 33514.
2, 13, 1289
List the prime factors of 1527.
3, 509
What are the prime factors of 11753?
7, 23, 73
What are the prime factors of 17396?
2, 4349
List the prime factors of 1055.
5, 211
List the prime factors of 188052.
2, 3, 15671
What are the prime factors of 1427?
1427
What are the prime factors of 1684?
2, 421
List the prime factors of 183.
3, 61
List the prime factors of 9170.
2, 5, 7, 131
What are the prime factors of 3183?
3, 1061
List the prime factors of 233.
233
What are the prime factors of 25400?
2, 5, 127
List the prime factors of 14558.
2, 29, 251
List the prime factors of 7966.
2, 7, 569
List the prime factors of 5871.
3, 19, 103
List the prime factors of 38023.
47, 809
What are the prime factors of 7485?
3, 5, 499
List the prime factors of 12082.
2, 7, 863
List the prime factors of 6646.
2, 3323
What are the prime factors of 45?
3, 5
List the prime factors of 12132.
2, 3, 337
List the prime factors of 1616.
2, 101
List the prime factors of 132560.
2, 5, 1657
List the prime factors of 11196.
2, 3, 311
List the prime factors of 18424.
2, 7, 47
What are the prime factors of 19820?
2, 5, 991
List the prime factors of 193.
193
What are the prime factors of 203259?
3, 7, 9679
What are the prime factors of 3706?
2, 17, 109
List the prime factors of 5036.
2, 1259
List the prime factors of 326.
2, 163
What are the prime factors of 120065?
5, 11, 37, 59
What are the prime factors of 14322?
2, 3, 7, 11, 31
List the prime factors of 96150.
2, 3, 5, 641
List the prime factors of 806.
2, 13, 31
What are the prime factors of 541?
541
List the prime factors of 752.
2, 47
What are the prime factors of 971?
971
What are the prime factors of 1171?
1171
What are the prime factors of 4056?
2, 3, 13
What are the prime factors of 148654?
2, 11, 29, 233
What are the prime factors of 57998?
2, 47, 617
What are the prime factors of 3573?
3, 397
List the prime factors of 16281.
3, 67
What are the prime factors of 78?
2, 3, 13
What are the prime factors of 43296?
2, 3, 11, 41
What are the prime factors of 1729?
7, 13, 19
List the prime factors of 83842.
2, 11, 37, 103
What are the prime factors of 4899?
3, 23, 71
List the prime factors of 452.
2, 113
What are the prime factors of 2513?
7, 359
List the prime factors of 1427.
1427
What are the prime factors of 2617?
2617
What are the prime factors of 225?
3, 5
What are the prime factors of 31372?
2, 11, 23, 31
List the prime factors of 21536.
2, 673
List the prime factors of 30225.
3, 5, 13, 31
List the prime factors of 2299.
11, 19
List the prime factors of 1140.
2, 3, 5, 19
List the prime factors of 29650.
2, 5, 593
List the prime factors of 1394.
2, 17, 41
What are the prime factors of 140184?
2, 3, 11, 59
What are the prime factors of 62186?
2, 17, 31, 59
List the prime factors of 27266.
2, 13633
What are the prime factors of 19332?
2, 3, 179
What are the prime factors of 360?
2, 3, 5
List the prime factors of 36782.
2, 53, 347
What are the prime factors of 27901?
27901
List the prime factors of 26600.
2, 5, 7, 19
List the prime factors of 85972.
2, 21493
What are the prime factors of 11442?
2, 3, 1907
List the prime factors of 157124.
2, 11, 3571
List the prime factors of 11069.
11069
What are the prime factors of 11343?
3, 19, 199
List the prime factors of 3550.
2, 5, 71
List the prime factors of 12644.
2, 29, 109
What are the prime factors of 2222?
2, 11, 101
What are the prime factors of 150494?
2, 47, 1601
What are the prime factors of 1822?
2, 911
What are the prime factors of 4251?
3, 13, 109
What are the prime factors of 693?
3, 7, 11
List the prime factors of 4314.
2, 3, 719
List the prime factors of 4127.
4127
What are the prime factors of 11946?
2, 3, 11, 181
What are the prime factors of 95494?
2, 7, 19, 359
What are the prime factors of 707?
7, 101
What are the prime factors of 2007?
3, 223
List the prime factors of 2376.
2, 3, 11
What are the prime factors of 3181?
3181
List the prime factors of 2441.
2441
List the prime factors of 21967.
11, 1997
List the prime factors of 24640.
2, 5, 7, 11
What are the prime factors of 23689?
23689
List the prime factors of 23110.
2, 5, 2311
List the prime factors of 1078.
2, 7, 11
What are the prime factors of 809?
809
What are the prime factors of 40022?
2, 20011
What are the prime factors of 1597?
1597
List the prime factors of 144580.
2, 5, 7229
What are the prime factors of 1192?
2, 149
List the prime factors of 25605.
3, 5, 569
List the prime factors of 45062.
2, 22531
List the prime factors of 469.
7, 67
What are the prime factors of 441?
3, 7
What are the prime factors of 39745?
5, 7949
What are the prime factors of 4287?
3, 1429
List the prime factors of 5018.
2, 13, 193
What are the prime factors of 1244?
2, 311
List the prime factors of 58352.
2, 7, 521
List the prime factors of 4505.
5, 17, 53
What are the prime factors of 23185?
5, 4637
What are the prime factors of 4516?
2, 1129
List the prime factors of 3789.
3, 421
What are the prime factors of 14736?
2, 3, 307
What are the prime factors of 4589?
13, 353
What are the prime factors of 355?
5, 71
List the prime factors of 10569.
3, 13, 271
List the prime factors of 25624.
2, 3203
List the prime factors of 34.
2, 17
List the prime factors of 994.
2, 7, 71
What are the prime factors of 14417?
13, 1109
What are the prime factors of 5392?
2, 337
List the prime factors of 123524.
2, 30881
List the prime factors of 5250.
2, 3, 5, 7
What are the prime factors of 4195?
5, 839
List the prime factors of 10224.
2, 3, 71
What are the prime factors of 750?
2, 3, 5
What are the prime factors of 1529?
11, 139
List the prime factors of 6230.
2, 5, 7, 89
List the prime factors of 2955.
3, 5, 197
What are the prime factors of 4489?
67
List the prime factors of 3319.
3319
List the prime factors of 4026.
2, 3, 11, 61
List the prime factors of 10837.
10837
What are the prime factors of 8615?
5, 1723
What are the prime factors of 866?
2, 433
List the prime factors of 46133.
46133
What are the prime factors of 1109?
1109
List the prime factors of 60585.
3, 5, 7, 577
What are the prime factors of 8360?
2, 5, 11, 19
What are the prime factors of 7577?
7577
List the prime factors of 4840.
2, 5, 11
What are the prime factors of 743?
743
List the prime factors of 129024.
2, 3, 7
What are the prime factors of 1970?
2, 5, 197
List the prime factors of 1596.
2, 3, 7, 19
List the prime factors of 9572.
2, 2393
What are the prime factors of 131960?
2, 5, 3299
What are the prime factors of 421?
421
List the prime factors of 70.
2, 5, 7
What are the prime factors of 34357?
17, 43, 47
What are the prime factors of 3430?
2, 5, 7
List the prime factors of 737.
11, 67
List the prime factors of 2950.
2, 5, 59
What are the prime factors of 7843?
11, 23, 31
What are the prime factors of 2108?
2, 17, 31
What are the prime factors of 2223?
3, 13, 19
What are the prime factors of 77355?
3, 5, 191
List the prime factors of 115167.
3, 13, 2953
List the prime factors of 85.
5, 17
List the prime factors of 16101.
3, 1789
What are the 